atest common divisor of g and 147.
21
Suppose -5*j - 4*h - 26 = -1, 3*h = 0. Let p(v) = -2*v - 7. Let f be p(j). What is the highest common factor of 6 and f?
3
Let x(n) = -n**2 + 3*n. Let i be x(3). Suppose -4*h + 26 + 22 = i. Calculate the highest common factor of 18 and h.
6
Let c(w) = w + 57. Let l be c(-17). Calculate the highest common factor of l and 800.
40
Suppose 5*m - 41 = -16. Suppose -m*y = -11 - 9. Suppose 3*k = 2*d, -4*k + 13 + 7 = y*d. What is the highest common factor of 6 and d?
3
Suppose z + 11*z = 24. Suppose d - 1128 = -z*d. What is the greatest common factor of 47 and d?
47
Let r = -19 - 7. Let h = 39 + r. Let j = 15 - h. Calculate the greatest common factor of j and 1.
1
Suppose 4*z + n - 22 = 3*z, 2*n = 5*z - 103. What is the highest common factor of z and 231?
21
Suppose -r + 1 = -2. Suppose -r*s + 3 = j, 0*s + s - 5*j = -15. Let n(d) = -d + 16. Let z be n(s). What is the highest common divisor of z and 80?
16
Let k = -374 - -380. Calculate the greatest common factor of k and 6.
6
Suppose 230 - 80 = 25*b. What is the highest common divisor of b and 21?
3
Let g = -4 - 9. Let v be 1*5 + 13/g. Let x be ((-136)/6)/(v/(-6)). What is the greatest common factor of x and 17?
17
Suppose m - 5 - 5 = 0. Let b(t) = -t**2 + 4*t + 6. Let s be b(5). Suppose 10 = 4*j + 2*y, 4 = 2*j - y + s. What is the highest common divisor of j and m?
2
Let c = 717 - 666. Calculate the highest common factor of c and 85.
17
Let l(g) = -4*g + 89. Let o be l(6). Suppose -c + 75 = 2*r, 0*c = -2*r + c + o. Suppose -1 = 2*s - 15. What is the highest common divisor of s and r?
7
Let w = 8 + -4. Let r(s) be the second derivative of s**4/12 - s**3/3 + 2*s**2 + s + 20. Let c be r(w). Calculate the highest common factor of 12 and c.
12
Let a = 44 - 7. Let l be ((-37)/4)/(14/8 - 2). Calculate the highest common divisor of l and a.
37
Suppose -a + 4*g - 5 + 2 = 0, g - 27 = 2*a. Let x = a - -16. Let j be x/1 + -1 + 17. Calculate the greatest common divisor of j and 153.
17
Let b be (-3)/(-2)*(-2112)/(-36). Suppose -21 = 5*t - 131. Calculate the greatest common factor of t and b.
22
Suppose k = 33*k - 288. What is the greatest common divisor of 75 and k?
3
Let q(r) = 5*r**2 + 3*r - 4. Let o be q(3). Let z = 106 + -96. What is the greatest common factor of z and o?
10
Suppose -6*q + 192 = -0. What is the highest common factor of q and 216?
8
Suppose 27*r - 31*r + 86 = 2*q, -4*q = -4*r + 80. Calculate the highest common factor of 315 and r.
21
Let o(u) = -u**2 - 17*u + 5. Let n be o(-22). Let k = n + 114. What is the greatest common factor of 117 and k?
9
Suppose -256 = -3*i + 581. What is the greatest common divisor of 31 and i?
31
Let h(l) = -3*l + 29. Let q be h(-5). Suppose -4*b + 74 = d, 0*d - 4*d + q = 2*b. Calculate the greatest common divisor of 54 and b.
18
Let g = 1275 - 813. Calculate the highest common divisor of g and 63.
21
Let p = -1020 - -1060. Let r(n) = 199*n**2 - n. Let o be r(-1). What is the greatest common divisor of o and p?
40
Suppose 3*r = -2 + 8, 0 = -2*i + 3*r. Suppose 8*x - 35 = i*x. What is the greatest common divisor of 56 and x?
7
Let v(z) = -z - 1. Let d be v(-4). Suppose d*p = -3*k - 87, -3*k + 4*k = 3*p + 99. Let m = p - -50. Calculate the highest common divisor of m and 9.
9
Let t = -41 + 44. Suppose 0 = 2*u + 3*p - 60, t*u - 5*p + 10*p = 92. What is the greatest common divisor of u and 3?
3
Suppose 6*b - 9*b + 2*d = -39, 4*d + 67 = 5*b. Suppose -r + 540 = b*r. Let j be (0 - -6)/(1/3). Calculate the greatest common factor of j and r.
9
Let o(n) = 11*n + 15. Let k be o(4). What is the greatest common divisor of 1121 and k?
59
Suppose -53*w + 256 = -37*w. What is the highest common divisor of 16 and w?
16
Suppose 573 + 120 = 21*r. Calculate the greatest common divisor of 396 and r.
33
Suppose 4*s - 57*h - 208 = -58*h, -216 = -4*s + h. Calculate the greatest common divisor of 53 and s.
53
Let y be 5865/(-5) + (0 - -2 - -1). Let r be 1/1 + y/(-18). Calculate the greatest common divisor of 6 and r.
6
Let v = -108 + 182. Suppose v = 2*s + 6. Calculate the highest common factor of 85 and s.
17
Let h(d) = -149*d - 134. Let n be h(-5). Calculate the highest common divisor of n and 47.
47
Suppose -5*c = -10*c + d + 162, -8*c + 273 = 3*d. Let n(m) = 11*m**2. Let a be n(-2). Calculate the greatest common factor of a and c.
11
Suppose 0 = 3*b - 10*b + 1260. Suppose -x + b + 66 = 5*y, -92 = -2*y - 2*x. Calculate the highest common factor of y and 25.
25
Suppose 2*b + 21 = 5*r, 15 = b + 3*r - 2. Suppose 8 + 12 = b*h. Calculate the greatest common factor of 80 and h.
10
Let f be 6/(1/(-12) + 45/60). Calculate the highest common factor of f and 21.
3
Let u(y) = 76*y + 766. Let l be u(-10). What is the greatest common divisor of l and 22?
2
Suppose -3*m + 0*m = -66. Let p = 14 + -4. Let t = m - p. What is the highest common factor of t and 12?
12
Let g be (-33)/(-5) - -2 - (-375)/(-625). Calculate the greatest common factor of 46 and g.
2
Let y(z) = z**3 + 7*z**2 + 6*z - 5. Let i be y(-5). Let j(p) = -4*p - 2*p + 14 - 6*p - 2. Let r be j(-4). Calculate the greatest common divisor of r and i.
15
Let y(u) = -12*u + 159. Let b be y(8). Suppose x = 5*o + 27, 3*x + 2*x - 31 = -o. Calculate the highest common divisor of x and b.
7
Let q = -2425 + 2433. Let m(v) = 3*v**3 - 4*v**2 + 2*v. Let k be m(4). What is the highest common factor of k and q?
8
Suppose -5*k + 135 = -225. Let q = 420 - 77. Suppose 10*b - 137 - q = 0. Calculate the highest common divisor of k and b.
24
Suppose -48 = -4*d - 0*d. Let h = -20 - -18. Let v = h + d. What is the greatest common factor of 10 and v?
10
Let d = 138 - 119. What is the greatest common divisor of d and 19?
19
Let v(z) = z + 8. Let c be -2 + (-4 - -3) - 3. Let p be v(c). Suppose 2*j - 9 = l, -p*l + 6 = -4. Calculate the greatest common divisor of j and 56.
7
Let p(j) = -37*j**3 - 2*j**2 + 3*j + 4. Let d be p(-1). What is the greatest common divisor of d and 198?
18
Let j = -542 + 790. What is the greatest common factor of 31 and j?
31
Let x(o) = 17*o + 273. Let h be x(-15). Let v be (2/(-7))/(1/(-7)). Calculate the highest common factor of v and h.
2
Let t(c) = c**3 + 16*c**2. Let u be t(-16). Suppose h = -2*b - 11 + 70, u = -2*b - 4. Calculate the highest common divisor of h and 9.
9
Let z(c) = c**2 + 7*c + 1. Let s be z(-8). Suppose 54 + 35 = i + 4*r, 4*r = 8. What is the highest common factor of s and i?
9
Let d = 94 + 1067. Calculate the highest common divisor of d and 27.
27
Let o = 22 - 22. Suppose z - 3 + o = 0. Suppose -c = -z*c + 12. Calculate the greatest common factor of 36 and c.
6
Suppose -1334 = -7*c + 353. Let p = -142 + c. What is the highest common factor of 9 and p?
9
Let g be ((-245)/28 - -8)*-52. Calculate the greatest common divisor of g and 12.
3
Let k = -235 + 264. Let h = 5 + 140. What is the highest common divisor of h and k?
29
Let s(c) = -c**2 + 19*c + 95. Let d be s(23). Calculate the highest common divisor of d and 9.
3
Suppose -2*q - c - 101 = 0, 2*q + 81 = -3*c - 10. Let f = 75 + q. Let r = -14 + f. Calculate the highest common factor of r and 88.
8
Let m be (-4)/(-8)*0 + 0. Suppose 3*l + l - 12 = m. Suppose -3*x = -l*q + 75, 2*q - x + 31 = 3*q. What is the highest common divisor of q and 7?
7
Let l(z) = -z**3 - 40*z**2 - 7*z - 214. Let d be l(-40). Calculate the highest common factor of 880 and d.
22
Let q be (-228)/(-30) + (-12)/(-30). Calculate the greatest common factor of q and 488.
8
Let o(w) = 5*w**2 - 2*w - 3. Let z be o(-2). Let t(g) = -10*g**2 + 2*g. Let v be t(1). Let m = v + z. Calculate the highest common divisor of m and 143.
13
Suppose -4*h + 3*h + 5 = 0. Suppose 1 = 4*w - h*x - 32, w = 3*x + 3. Calculate the greatest common divisor of 96 and w.
12
Suppose -3*z - 3 = 3*o - 33, -3*z + 10 = o. What is the greatest common factor of 7 and o?
1
Let t(x) = -x**3 - 30*x**2 - 4*x - 16. Let u be t(-30). Calculate the greatest common divisor of u and 117.
13
Suppose 42*c + 51*c - 2232 = 0. Suppose -v + 2 = -4. Calculate the highest common factor of c and v.
6
Let y(m) = m**3 + 4*m**2 - 33*m - 2. Let x be y(-7). What is the greatest common divisor of 1066 and x?
82
Let i be -1 + 18 + -7 + 0. Let n = 30 + -20. What is the highest common divisor of n and i?
10
Suppose 0 = 3*w + 2